{"id":8606,"date":"2018-09-05T10:29:25","date_gmt":"2018-09-05T13:29:25","guid":{"rendered":"https:\/\/quasarcomunicacion.com.ar\/web\/?page_id=8606"},"modified":"2018-09-05T10:29:25","modified_gmt":"2018-09-05T13:29:25","slug":"webinarfb","status":"publish","type":"page","link":"https:\/\/quasarcomunicacion.com.ar\/web\/webinarfb\/","title":{"rendered":"Webinar: Trucos efectivos de Facebook para vender m\u00e1s"},"content":{"rendered":"<h1 style=\"text-align: center;\"><em>Los aprend\u00e9s, los aplic\u00e1s y mir\u00e1s los resultados!<\/em><\/h1>\n<address style=\"text-align: center;\"><strong><span style=\"color: #ff0000;\">SABADO 29 DE SEPTIEMBRE &#8211; 11 hs (hora Argentina)<\/span><\/strong><\/address>\n<p><img class=\"alignleft\" alt=\"\" src=\"https:\/\/www.google.com\/calendar\/images\/ext\/gc_button1_es.gif\" border=\"0\" \/><\/p>\n<p>&nbsp;<\/p>\n<p><strong>\u00a0ARGENTINA: 11 hs \/ COLOMBIA: 9 hs \/ M\u00c9XICO DF: 8 hs \/ ESPA\u00d1A: 15hs \/ PER\u00da: 9 hs \/ URUGUAY: 11 hs \/ VENEZUELA: 10 hs \/ CHILE: 10hs <a href=\"http:\/\/www.horamundial.com\/personalizar.php\" target=\"_blank\" rel=\"noopener noreferrer\"> CONSULTAR TU USO HORARIO<\/a><\/strong><\/p>\n<p><strong>Duraci\u00f3n aproximada:<\/strong> 90 minutos<\/p>\n<p><strong>Nivel<\/strong>: b\u00e1sico \/ intermedio<\/p>\n<p><strong>Requerimientos t\u00e9cnicos<\/strong>: Solo necesit\u00e1s una computadora o tel\u00e9fono con conexi\u00f3n a internet<\/p>\n<p><strong>Inversi\u00f3n<\/strong>: $ 300 Pagar ahora con tarjeta de cr\u00e9dito\u00a0<a href=\"https:\/\/bit.ly\/2Q4zfKf\">https:\/\/bit.ly\/2Q4zfKf<\/a><\/p>\n<p><b>\u00a0<\/b>Si desean abonar por RapiPago o Pago F\u00e1cil hacerlo mencionando a Ual\u00e1 DNI 24623711. Luego informar el pago a info@quasarcomunicacion.com.ar<\/p>\n<p>Ver todos los m\u00e9todos de pago <a href=\"https:\/\/quasarcomunicacion.com.ar\/web\/metodosdepago\/\">https:\/\/quasarcomunicacion.com.ar\/web\/metodosdepago\/<\/a><\/p>\n<table border=\"0\" cellspacing=\"0\" cellpadding=\"0\" data-table-button=\"data-table-button\">\n<tbody>\n<tr>\n<td>\n<table width=\"100%\" border=\"0\" cellspacing=\"0\" cellpadding=\"0\">\n<tbody>\n<tr>\n<td><a href=\"https:\/\/goo.gl\/forms\/dqoPKE4CjkCHDuvf1\" target=\"_blank\" data-a-end-button=\"data-a-end-button\" rel=\"noopener noreferrer\">REG\u00cdSTRATE AQU\u00cd<\/a><\/td>\n<\/tr>\n<\/tbody>\n<\/table>\n<\/td>\n<\/tr>\n<\/tbody>\n<\/table>\n<div data-block=\"true\" data-editor=\"4v0qe\" data-offset-key=\"241hu-0-0\">\n<blockquote>\n<h2 data-offset-key=\"241hu-0-0\">\u00bfQuer\u00e9s aprender a ofrecer tus productos o servicios por Facebook? Ahora podr\u00e1s hacerlo desde la comodidad de tu casa, local u oficina. Y no s\u00f3lo vas a ver la presentaci\u00f3n como si estuvieras en un auditorio, sino que vamos a ver en vivo cada paso para que vos puedas hacerlo desde tu computadora. Y como si esto fuera poco, vas a poder hacer todas las preguntas que necesites y te llevar\u00e1s muchas herramientas de regalo y la grabaci\u00f3n del webinar para verla tantas veces como necesites para aplicar los conceptos. Y si te quedan dudas, tutor\u00edas on line posteriores para aclararlas \u00bfte lo vas a perder?<\/h2>\n<p>&nbsp;<\/p>\n<h2 data-offset-key=\"241hu-0-0\"><strong>\u00a0<\/strong><span style=\"font-size: 13px;\">\u00a0<\/span><iframe loading=\"lazy\" style=\"font-size: 13px;\" frameborder=\"0\" height=\"315\" src=\"https:\/\/www.youtube.com\/embed\/5pqOajfVMKw\" width=\"560\"><\/iframe><\/h2>\n<\/blockquote>\n<\/div>\n<p><span style=\"color: #ff0000;\"><strong>TEMARIO RESUMIDO<\/strong><\/span><\/p>\n<p><img alt=\"Qu\u00e9 vas a aprender\" src=\"https:\/\/www.quasarcomunicacion.com.ar\/news\/contenido.gif\" align=\"right\" \/>Aprender\u00e1s acciones concretas para configurar correctamente tu fan page<\/p>\n<p>Conocer\u00e1s las medidas exactas de cada posteo para lograr el \u00e9xito<\/p>\n<p>An\u00e1lisis de tu emprendimiento como base para dise\u00f1ar tu plan de RRSS<\/p>\n<p>Paso a paso para crear tu tienda en Facebook<\/p>\n<p>Medir tus resultados y trabajar por objetivos concretos de venta<\/p>\n<table border=\"0\" cellspacing=\"0\" cellpadding=\"0\" data-table-button=\"data-table-button\">\n<tbody>\n<tr>\n<td>\n<table width=\"100%\" border=\"0\" cellspacing=\"0\" cellpadding=\"0\">\n<tbody>\n<tr>\n<td><a href=\"https:\/\/goo.gl\/forms\/dqoPKE4CjkCHDuvf1\" target=\"_blank\" data-a-end-button=\"data-a-end-button\" rel=\"noopener noreferrer\">REG\u00cdSTRATE AQU\u00cd<\/a><\/td>\n<\/tr>\n<\/tbody>\n<\/table>\n<\/td>\n<\/tr>\n<\/tbody>\n<\/table>\n<p><span style=\"color: #ff0000;\"><strong>Al final del Webinar te regalamos:<\/strong><\/span><\/p>\n<p><img loading=\"lazy\" class=\"alignright\" alt=\"Lo que te llev\u00e1s\" src=\"https:\/\/www.quasarcomunicacion.com.ar\/news\/regalo.gif\" width=\"150\" height=\"154\" border=\"0\" \/>Grabaci\u00f3n del webinar para volver a verlo cuantas veces necesites<\/p>\n<p>Modelo de an\u00e1lisis de tu emprendimiento para completar<\/p>\n<p>E-book con el tama\u00f1o de im\u00e1genes correctas para tus posts en las redes sociales<\/p>\n<p>Planilla para planificar tus posteo y realizar el seguimiento de metas<\/p>\n<p>Certificado de asistencia<\/p>\n<p>Tutor\u00edas on line posteriores para disipar todas las dudas que te surjan<\/p>\n<p><span style=\"color: #ff0000;\"><strong>BONUS TRUCK:<\/strong><\/span> E-book \u00abManual de Facebook para Emprendedores\u00bb a un precio especial<\/p>\n<table border=\"0\" cellspacing=\"0\" cellpadding=\"0\" data-table-button=\"data-table-button\">\n<tbody>\n<tr>\n<td>\n<table width=\"100%\" border=\"0\" cellspacing=\"0\" cellpadding=\"0\">\n<tbody>\n<tr>\n<td><a href=\"https:\/\/goo.gl\/forms\/dqoPKE4CjkCHDuvf1\" target=\"_blank\" data-a-end-button=\"data-a-end-button\" rel=\"noopener noreferrer\">REG\u00cdSTRATE AQU\u00cd<\/a><\/td>\n<\/tr>\n<\/tbody>\n<\/table>\n<\/td>\n<\/tr>\n<\/tbody>\n<\/table>\n<p>&nbsp;<\/p>\n<p><strong><span style=\"color: #ff0000;\"><img loading=\"lazy\" class=\"alignleft\" alt=\"Destinatarios\" src=\"https:\/\/www.quasarcomunicacion.com.ar\/news\/personas.png\" width=\"150\" height=\"150\" border=\"0\" \/>Destinatarios<\/span><\/strong><br \/>\nEmprendedores, profesionales, Comerciantes, artesanos, Freelancers, y toda persona que quiera ofrecer sus productos o servicios a trav\u00e9s de Facebook.<br \/>\nNo se necesitan conocimientos previos.<\/p>\n<p>&nbsp;<\/p>\n<h2><span style=\"color: #ff0000;\">RESERV\u00c1 TU LUGAR AHORA!!<\/span><\/h2>\n<p><iframe loading=\"lazy\" frameborder=\"0\" height=\"1620\" marginheight=\"0\" marginwidth=\"0\" src=\"https:\/\/docs.google.com\/forms\/d\/e\/1FAIpQLSdch3DEAnVNGlhh6UQZONmBCSm2vkdqjQuaZQM1iA9wdCNZww\/viewform?embedded=true\" width=\"700\"><\/iframe><\/p>\n","protected":false},"excerpt":{"rendered":"<p>Los aprend\u00e9s, los aplic\u00e1s y mir\u00e1s los resultados! SABADO 29 DE SEPTIEMBRE &#8211; 11 hs (hora Argentina) &nbsp; \u00a0ARGENTINA: 11 [&hellip;]<\/p>\n","protected":false},"author":2,"featured_media":0,"parent":0,"menu_order":0,"comment_status":"open","ping_status":"open","template":"","meta":[],"_links":{"self":[{"href":"https:\/\/quasarcomunicacion.com.ar\/web\/wp-json\/wp\/v2\/pages\/8606"}],"collection":[{"href":"https:\/\/quasarcomunicacion.com.ar\/web\/wp-json\/wp\/v2\/pages"}],"about":[{"href":"https:\/\/quasarcomunicacion.com.ar\/web\/wp-json\/wp\/v2\/types\/page"}],"author":[{"embeddable":true,"href":"https:\/\/quasarcomunicacion.com.ar\/web\/wp-json\/wp\/v2\/users\/2"}],"replies":[{"embeddable":true,"href":"https:\/\/quasarcomunicacion.com.ar\/web\/wp-json\/wp\/v2\/comments?post=8606"}],"version-history":[{"count":0,"href":"https:\/\/quasarcomunicacion.com.ar\/web\/wp-json\/wp\/v2\/pages\/8606\/revisions"}],"wp:attachment":[{"href":"https:\/\/quasarcomunicacion.com.ar\/web\/wp-json\/wp\/v2\/media?parent=8606"}],"curies":[{"name":"wp","href":"https:\/\/api.w.org\/{rel}","templated":true}]}}