{"id":8338,"date":"2018-05-17T15:07:08","date_gmt":"2018-05-17T18:07:08","guid":{"rendered":"https:\/\/quasarcomunicacion.com.ar\/web\/?page_id=8338"},"modified":"2020-05-27T18:06:20","modified_gmt":"2020-05-27T18:06:20","slug":"imagencorporativa","status":"publish","type":"page","link":"https:\/\/quasarcomunicacion.com.ar\/web\/servicios-2\/imagencorporativa\/","title":{"rendered":"Desarrollo de Imagen Corporativa"},"content":{"rendered":"<p style=\"text-align: left;\">M\u00e1s de una vez habr\u00e1s escuchado \u00bften\u00e9s el logo vectorizado? \u00bfcont\u00e1s con la tipograf\u00eda? \u00bfcu\u00e1l es la colorimetr\u00eda? \u201cAs\u00ed no nos sirve para lo que quer\u00e9s hacer.<\/p>\n<p>Tambi\u00e9n es imporante que el mismo cuente con un m\u00ednimo manual de marca que incluya la\u00a0<strong>tipograf\u00eda<\/strong>\u00a0utilizada y los colores con sus composiciones exactas.<\/p>\n<p>\u00bfTu logo cumple con estos requerimientos? Estamos para ayudarte a que lo logres, consultanos a info@quasarcomunicacion.com.ar y te cotizamos el trabajo para que sigas emprendiendo con \u00e9xito.<\/p>\n<p>En este tipo de servicio trabajamos con un cuestionario previo para entender de qu\u00e9 se trata el emprendimiento y cu\u00e1les son las ideas generales, luego presentamos muestras para que vayas eligiendo y sobre esa base llegar al logo definitivo (se toman 2 instancias de correcciones sobre la muestra elegida, el resto de las modificaciones se cotizar\u00e1n aparte)<\/p>\n<p>El logo se entregar\u00e1 vectorizado y en diversos formatos con un manual b\u00e1sico de marca que incluye tipograf\u00eda y colorimetr\u00eda que te permitir\u00e1 futuros usos (carteles, v\u00eda p\u00fablica, pleteos, etc etc etc)<\/p>\n<p><a href=\"https:\/\/www.facebook.com\/pg\/QuasarComunicacion\/photos\/?tab=album&amp;album_id=10157975212235269\" target=\"_blank\" rel=\"noopener noreferrer\">Mir\u00e1 algunos de nuestros trabajos aqu\u00ed<\/a><\/p>\n<p><a href=\"https:\/\/bit.ly\/2J4cUvm\" target=\"_blank\" rel=\"noopener noreferrer\">CONSULTANOS POR WHATSAPP AQUI\u00a0<\/a><\/p>\n","protected":false},"excerpt":{"rendered":"<p>M\u00e1s de una vez habr\u00e1s escuchado \u00bften\u00e9s el logo vectorizado? \u00bfcont\u00e1s con la tipograf\u00eda? \u00bfcu\u00e1l es la colorimetr\u00eda? \u201cAs\u00ed no [&hellip;]<\/p>\n","protected":false},"author":2,"featured_media":0,"parent":3905,"menu_order":0,"comment_status":"open","ping_status":"open","template":"","meta":[],"_links":{"self":[{"href":"https:\/\/quasarcomunicacion.com.ar\/web\/wp-json\/wp\/v2\/pages\/8338"}],"collection":[{"href":"https:\/\/quasarcomunicacion.com.ar\/web\/wp-json\/wp\/v2\/pages"}],"about":[{"href":"https:\/\/quasarcomunicacion.com.ar\/web\/wp-json\/wp\/v2\/types\/page"}],"author":[{"embeddable":true,"href":"https:\/\/quasarcomunicacion.com.ar\/web\/wp-json\/wp\/v2\/users\/2"}],"replies":[{"embeddable":true,"href":"https:\/\/quasarcomunicacion.com.ar\/web\/wp-json\/wp\/v2\/comments?post=8338"}],"version-history":[{"count":3,"href":"https:\/\/quasarcomunicacion.com.ar\/web\/wp-json\/wp\/v2\/pages\/8338\/revisions"}],"predecessor-version":[{"id":10229,"href":"https:\/\/quasarcomunicacion.com.ar\/web\/wp-json\/wp\/v2\/pages\/8338\/revisions\/10229"}],"up":[{"embeddable":true,"href":"https:\/\/quasarcomunicacion.com.ar\/web\/wp-json\/wp\/v2\/pages\/3905"}],"wp:attachment":[{"href":"https:\/\/quasarcomunicacion.com.ar\/web\/wp-json\/wp\/v2\/media?parent=8338"}],"curies":[{"name":"wp","href":"https:\/\/api.w.org\/{rel}","templated":true}]}}