{"id":13224,"date":"2026-03-04T14:00:21","date_gmt":"2026-03-04T14:00:21","guid":{"rendered":"https:\/\/quasarcomunicacion.com.ar\/web\/?page_id=13224"},"modified":"2026-03-31T18:58:32","modified_gmt":"2026-03-31T18:58:32","slug":"estilopilar2026","status":"publish","type":"page","link":"https:\/\/quasarcomunicacion.com.ar\/web\/estilopilar2026\/","title":{"rendered":"ESTILO PILAR 2026"},"content":{"rendered":"<p><a href=\"https:\/\/forms.gle\/kWJ1sqtvJdBbub5F9\">ACREDITACIONES DE PRENSA PARA VISITAR LA MUESTRA<\/a><\/p>\n<p><strong>20\u00b0 edici\u00f3n de ESTILO PILAR,<\/strong> exposici\u00f3n de decoraci\u00f3n, arte, paisajismo, industria y arquitectura de mayor envergadura que se realizar\u00e1 del 18 de marzo al 4 de abril en\u00a0<a href=\"https:\/\/www.google.com\/maps?cid=9985215185805083701&amp;g_mp=CiVnb29nbGUubWFwcy5wbGFjZXMudjEuUGxhY2VzLkdldFBsYWNlEAEYASAB&amp;hl=es-AR&amp;source=embed\">Cardinal Shopping\u00a0\u00a0<\/a>\u00a0Pilar del Este<\/p>\n<p>Informes por Whatsapp \u00a0<a href=\"https:\/\/bit.ly\/2Sn1zLP\">https:\/\/bit.ly\/2Sn1zLP<\/a>\u00a0 \u00a0\/\/ 11 5312 6795<\/p>\n<div>\n<p>Sumate a nuestro canal para tener acceso a todo el material de prensa <a href=\"https:\/\/whatsapp.com\/channel\/0029VbCAcyIDeONG3HQ9tx2P\">https:\/\/whatsapp.com\/channel\/0029VbCAcyIDeONG3HQ9tx2P<\/a><\/p>\n<p>31\/03\/2026 <a href=\"https:\/\/quasarcomunicacion.com.ar\/web\/el-arte-protagonista-de-estilo-pilar-2026\/\"><b><span style=\"color: #ff0000; font-family: Verdana; font-size: large;\">El Arte protagonista de Estilo Pilar 2026<\/span><\/b><\/a><\/p>\n<p><a href=\"https:\/\/quasarcomunicacion.com.ar\/web\/estilo-pilar-premio-a-los-mejores-en-diseno-paisajismo-y-arte\/\">27\/03\/2026 Estilo Pilar premi\u00f3 a los mejores en Dise\u00f1o, Paisajismo y Arte<\/a><\/p>\n<p><a href=\"https:\/\/quasarcomunicacion.com.ar\/web\/estilo-pilar-celebra-su-20-edicion-diseno-arquitectura-y-compromiso-social-en-un-evento-que-trasciende-lo-estetico\/\">17\/03\/2026<\/a> Estilo Pilar celebra su 20\u00b0 edici\u00f3n: dise\u00f1o, arquitectura y compromiso social en un evento que trasciende lo est\u00e9tico<\/p>\n<p><a href=\"https:\/\/quasarcomunicacion.com.ar\/web\/estilo-pilar-presenta-su-20-edicion-con-diseno-tendencias-y-proposito-solidario\/\">06\/03\/2026\u00a0 Estilo Pilar presenta su 20\u00b0 edici\u00f3n con dise\u00f1o, tendencias y prop\u00f3sito solidario<\/a><\/p>\n<p><a href=\"https:\/\/drive.google.com\/drive\/folders\/1gwH0TOi3C51Cvp3s4NMB7OPRGz3TlVWc?usp=drive_link\">IM\u00c1GENES EXPOSITORES &#8211; ESPACIOS<\/a><\/p>\n<p><a href=\"https:\/\/drive.google.com\/drive\/folders\/1tHTc2MMIpgTVvfC8gy2ftXlv9e-HeKTu?usp=drive_link\">IM\u00c1GENES SOCIALES<\/a><\/p>\n<p><a href=\"https:\/\/drive.google.com\/drive\/folders\/1w3rpNMrhLC1amvr4biIkq41Z37KvUGPI\">MEMORIAS DESCRIPTIVAS<\/a><\/p>\n<p><a href=\"https:\/\/drive.google.com\/drive\/folders\/1VzhstKAVitTGGhwU2_EEDiTmW38pIh6j?usp=drive_link\">IM\u00c1GENES COMISI\u00d3N AMIGOS DEL PILAR<\/a><\/p>\n<p><a href=\"https:\/\/docs.google.com\/document\/d\/1CtFhb1qZoVudz3wewahcLaTpRSusJMHw\/edit?usp=sharing&amp;ouid=100014933196114756035&amp;rtpof=true&amp;sd=true\">PREMIADOS ESTILO PILAR 2026<\/a><\/p>\n<p><a href=\"https:\/\/drive.google.com\/drive\/folders\/1AMyKhsbOH2PgvFjEs9PZ7jRpDo4tAq10?usp=drive_link\">IM\u00c1GENES GANADORES &#8211; ENTREGA DE PREMIOS<\/a><\/p>\n<p><a href=\"https:\/\/drive.google.com\/drive\/folders\/1U5IJsQ6eek2gObALOq0jUqyjP8ErKBhL?usp=drive_link\">JURADOS<\/a><\/p>\n<p><a href=\"https:\/\/drive.google.com\/drive\/folders\/1hzfiQ55qfSvro-h7zm8Ykraua0Lefr6e?usp=drive_link\">MASTERPLAN<\/a><\/p>\n<p><a href=\"https:\/\/drive.google.com\/drive\/folders\/1iECLqktFry1PTzLpeTCbqUpr6Rte9E_l?usp=drive_link\">OBRA BEN\u00c9FICA ADP<\/a><\/p>\n<p><a href=\"https:\/\/drive.google.com\/drive\/folders\/13KfmY6lRBSyfGCr52E-Hvb6t_6ee4AQq?usp=drive_link\">LOGOS ESTILO PILAR<\/a><\/p>\n<p><a href=\"https:\/\/docs.google.com\/spreadsheets\/d\/1vzOJjP0om1CEpX-RxoxEW7avWZJDkls3nW_BH2F_Na8\/edit?usp=sharing\">LISTADO EXPOSITORES<\/a><\/p>\n<div class=\"entry-content\"><\/div>\n<\/div>\n","protected":false},"excerpt":{"rendered":"<p>ACREDITACIONES DE PRENSA PARA VISITAR LA MUESTRA 20\u00b0 edici\u00f3n de ESTILO PILAR, exposici\u00f3n de decoraci\u00f3n, arte, paisajismo, industria y arquitectura [&hellip;]<\/p>\n","protected":false},"author":2,"featured_media":0,"parent":0,"menu_order":0,"comment_status":"closed","ping_status":"closed","template":"","meta":[],"_links":{"self":[{"href":"https:\/\/quasarcomunicacion.com.ar\/web\/wp-json\/wp\/v2\/pages\/13224"}],"collection":[{"href":"https:\/\/quasarcomunicacion.com.ar\/web\/wp-json\/wp\/v2\/pages"}],"about":[{"href":"https:\/\/quasarcomunicacion.com.ar\/web\/wp-json\/wp\/v2\/types\/page"}],"author":[{"embeddable":true,"href":"https:\/\/quasarcomunicacion.com.ar\/web\/wp-json\/wp\/v2\/users\/2"}],"replies":[{"embeddable":true,"href":"https:\/\/quasarcomunicacion.com.ar\/web\/wp-json\/wp\/v2\/comments?post=13224"}],"version-history":[{"count":18,"href":"https:\/\/quasarcomunicacion.com.ar\/web\/wp-json\/wp\/v2\/pages\/13224\/revisions"}],"predecessor-version":[{"id":13301,"href":"https:\/\/quasarcomunicacion.com.ar\/web\/wp-json\/wp\/v2\/pages\/13224\/revisions\/13301"}],"wp:attachment":[{"href":"https:\/\/quasarcomunicacion.com.ar\/web\/wp-json\/wp\/v2\/media?parent=13224"}],"curies":[{"name":"wp","href":"https:\/\/api.w.org\/{rel}","templated":true}]}}

<p><a href="https://forms.gle/kWJ1sqtvJdBbub5F9">ACREDITACIONES DE PRENSA PARA VISITAR LA MUESTRA</a></p>
<p><strong>20° edición de ESTILO PILAR,</strong> exposición de decoración, arte, paisajismo, industria y arquitectura de mayor envergadura que se realizará del 18 de marzo al 4 de abril en <a href="https://www.google.com/maps?cid=9985215185805083701&amp;g_mp=CiVnb29nbGUubWFwcy5wbGFjZXMudjEuUGxhY2VzLkdldFBsYWNlEAEYASAB&amp;hl=es-AR&amp;source=embed">Cardinal Shopping  </a> Pilar del Este</p>
<p>Informes por Whatsapp  <a href="https://bit.ly/2Sn1zLP">https://bit.ly/2Sn1zLP</a>   // 11 5312 6795</p>
<div>
<p>Sumate a nuestro canal para tener acceso a todo el material de prensa <a href="https://whatsapp.com/channel/0029VbCAcyIDeONG3HQ9tx2P">https://whatsapp.com/channel/0029VbCAcyIDeONG3HQ9tx2P</a></p>
<p>31/03/2026 <a href="https://quasarcomunicacion.com.ar/web/el-arte-protagonista-de-estilo-pilar-2026/"><b><span style="color: #ff0000; font-family: Verdana; font-size: large;">El Arte protagonista de Estilo Pilar 2026</span></b></a></p>
<p><a href="https://quasarcomunicacion.com.ar/web/estilo-pilar-premio-a-los-mejores-en-diseno-paisajismo-y-arte/">27/03/2026 Estilo Pilar premió a los mejores en Diseño, Paisajismo y Arte</a></p>
<p><a href="https://quasarcomunicacion.com.ar/web/estilo-pilar-celebra-su-20-edicion-diseno-arquitectura-y-compromiso-social-en-un-evento-que-trasciende-lo-estetico/">17/03/2026</a> Estilo Pilar celebra su 20° edición: diseño, arquitectura y compromiso social en un evento que trasciende lo estético</p>
<p><a href="https://quasarcomunicacion.com.ar/web/estilo-pilar-presenta-su-20-edicion-con-diseno-tendencias-y-proposito-solidario/">06/03/2026  Estilo Pilar presenta su 20° edición con diseño, tendencias y propósito solidario</a></p>
<p><a href="https://drive.google.com/drive/folders/1gwH0TOi3C51Cvp3s4NMB7OPRGz3TlVWc?usp=drive_link">IMÁGENES EXPOSITORES &#8211; ESPACIOS</a></p>
<p><a href="https://drive.google.com/drive/folders/1tHTc2MMIpgTVvfC8gy2ftXlv9e-HeKTu?usp=drive_link">IMÁGENES SOCIALES</a></p>
<p><a href="https://drive.google.com/drive/folders/1w3rpNMrhLC1amvr4biIkq41Z37KvUGPI">MEMORIAS DESCRIPTIVAS</a></p>
<p><a href="https://drive.google.com/drive/folders/1VzhstKAVitTGGhwU2_EEDiTmW38pIh6j?usp=drive_link">IMÁGENES COMISIÓN AMIGOS DEL PILAR</a></p>
<p><a href="https://docs.google.com/document/d/1CtFhb1qZoVudz3wewahcLaTpRSusJMHw/edit?usp=sharing&amp;ouid=100014933196114756035&amp;rtpof=true&amp;sd=true">PREMIADOS ESTILO PILAR 2026</a></p>
<p><a href="https://drive.google.com/drive/folders/1AMyKhsbOH2PgvFjEs9PZ7jRpDo4tAq10?usp=drive_link">IMÁGENES GANADORES &#8211; ENTREGA DE PREMIOS</a></p>
<p><a href="https://drive.google.com/drive/folders/1U5IJsQ6eek2gObALOq0jUqyjP8ErKBhL?usp=drive_link">JURADOS</a></p>
<p><a href="https://drive.google.com/drive/folders/1hzfiQ55qfSvro-h7zm8Ykraua0Lefr6e?usp=drive_link">MASTERPLAN</a></p>
<p><a href="https://drive.google.com/drive/folders/1iECLqktFry1PTzLpeTCbqUpr6Rte9E_l?usp=drive_link">OBRA BENÉFICA ADP</a></p>
<p><a href="https://drive.google.com/drive/folders/13KfmY6lRBSyfGCr52E-Hvb6t_6ee4AQq?usp=drive_link">LOGOS ESTILO PILAR</a></p>
<p><a href="https://docs.google.com/spreadsheets/d/1vzOJjP0om1CEpX-RxoxEW7avWZJDkls3nW_BH2F_Na8/edit?usp=sharing">LISTADO EXPOSITORES</a></p>
<div class="entry-content"></div>
</div>

<p>ACREDITACIONES DE PRENSA PARA VISITAR LA MUESTRA 20° edición de ESTILO PILAR, exposición de decoración, arte, paisajismo, industria y arquitectura [&hellip;]</p>
